lculate the remainder when 55 is divided by r(4).
17
Let g = 6 - 6. Suppose 0 = -o - g*o + 13. Let j(z) = -z**3 - z**2 - 2*z. What is the remainder when j(-3) is divided by o?
11
Let n(t) = 13*t**2 - t + 1. What is the remainder when 53 is divided by n(-1)?
8
Let n(p) = -p**2 - 8*p - 3. Let k be n(-7). Suppose -k*v = v - 30. Calculate the remainder when 22 is divided by v.
4
Let t(c) = c + 10. Suppose -2*n + 2*y = 22, 4*n + 3*y = -0*n - 30. What is the remainder when 1 is divided by t(n)?
0
Let v be 0 - 1 - (-6)/1. Suppose 0 = v*k + 2 + 18. What is the remainder when 2 + -48*(3 + k) is divided by 17?
16
Suppose 3*n - 21 = -3*c - c, c = -n + 6. Suppose -c*a + 18 = -a. Suppose -4*r = i - 13, i + 19 = 6*i - 3*r. Calculate the remainder when a is divided by i.
4
Suppose 21 + 98 = 5*x - 2*d, -4*d = x - 37. Let z = -15 + 24. What is the remainder when x is divided by z?
7
Let i = 105 + -98. Calculate the remainder when 35 is divided by i.
0
Let a = -12 - -23. Let v = 5 - 2. What is the remainder when a is divided by ((-4)/2)/(v/(-6))?
3
Let o(d) = d**3 - 3*d**2 - 4*d + 3. Suppose 3*r = 4*w - 0*r - 19, -8 = -w + 4*r. Suppose 7 + 18 = 5*v. Calculate the remainder when v is divided by o(w).
2
Suppose 0 = -10*k + 8*k + 8. What is the remainder when k is divided by 4?
0
Let f = 55 - 5. Let b(k) = 3*k + 8. What is the remainder when f is divided by b(3)?
16
Let h(f) = 2*f**2 - 5*f + 12. What is the remainder when h(6) is divided by 19?
16
Suppose -5 = 4*g - 9*g. Suppose -2*b + 3*l = -10, 2*b - 3 + g = l. What is the remainder when 28 is divided by (-3)/b*10/3?
8
Suppose 30 = 9*o - 7*o. Calculate the remainder when o is divided by 4.
3
Let k be (3 + (-15)/6)*8. Let o = 20 - k. What is the remainder when o is divided by 6?
4
Suppose -3*c + c + 98 = 3*q, 5*q - 168 = -c. What is the remainder when q is divided by 5?
4
Let i = 123 - 87. Let h be -3 + 1 + 2 - 4. Calculate the remainder when i is divided by h*(-2 - 22/8).
17
Suppose -k + 1 + 4 = 0. Suppose -5*w - 115 = 5*q, 2*q + 2*q + k*w + 94 = 0. Let a = q - -33. Calculate the remainder when 23 is divided by a.
11
Suppose -3*h + 9 = j + 3*j, -2*h + 6 = j. What is the remainder when 4/(12/33) + j is divided by 3?
2
Suppose 0 = 7*v - 12*v + 15. What is the remainder when 11 is divided by v?
2
Suppose -4 = -2*a - 0. Suppose -a*n + 31 = 11. Calculate the remainder when 18 is divided by n.
8
Let t be -2*5*4/2. Let r = -11 - -1. Calculate the remainder when 18 is divided by (-15)/r*t/(-3).
8
Suppose 2*u = -u + 27. Suppose -3*z = 2*z - 85. Calculate the remainder when z is divided by u.
8
Suppose 82 = 3*f + 4. Let g(p) = -p + 2. Suppose 3*z = -25 + 4. Calculate the remainder when f is divided by g(z).
8
Let k = -18 + 33. Suppose -2*g + 4*g + 5*d + k = 0, -4*d - 4 = 0. Let i = -3 - g. What is the remainder when 2 is divided by i?
0
What is the remainder when 66 is divided by (-1*1 - 1)*(-60 - -43)?
32
Suppose 3*g - 5 = 22. Suppose 0 = -6*v + 3*v + 51. What is the remainder when v is divided by g?
8
Calculate the remainder when 125 is divided by 71/4 + 8/32.
17
Suppose f = -o - 3, 0 = -5*f - o - 1 - 2. Let h = 8 + f. Calculate the remainder when h is divided by 3.
2
Let y be 124/44 + (-4)/(-22). Calculate the remainder when 21 is divided by 14 + (-3 - 3)/y.
9
Suppose 5*f - 520 = -3*q, -364 = -2*q - 0*q + f. Calculate the remainder when ((-2)/(-4))/(3/q) is divided by 11.
8
Let l(f) = 9*f**3 + f**2 - f + 1. Calculate the remainder when 19 is divided by l(1).
9
Let z = -29 - -14. Calculate the remainder when (-9)/z - (-444)/10 is divided by 16.
13
Suppose -3*v = 5*f - 53, -3*v = -2*v + f - 15. What is the remainder when 97 is divided by v?
9
Let h = 78 + -62. Calculate the remainder when 79 is divided by h.
15
Calculate the remainder when 31 is divided by (-104)/(-6)*(-4)/((-16)/3).
5
Let i be (-2)/(-6) - (-66)/(-9). Let u(n) = -n - 7. Let y(o) = -3*o - 20. Let r(m) = -11*u(m) + 4*y(m). Calculate the remainder when 6 is divided by r(i).
2
Suppose -h + b - 6 = -8, -h - 5*b = -2. What is the remainder when 9 is divided by h?
1
Suppose 110 = 5*q - 3*z, z = 4*q + q - 110. Calculate the remainder when 85/2 + (-2)/4 is divided by q.
20
Let a = 23 - 12. Calculate the remainder when a is divided by 3.
2
Let a(i) = i**2 - 7*i + 6. Let g be a(6). Calculate the remainder when 42 is divided by (2 + 1)*(5 - g).
12
Let x = -243 + 370. Calculate the remainder when x is divided by 32.
31
Let s(v) = v + 9 + 6 - 9. Let l(d) = 2*d**3 - 2*d**2 + 1. What is the remainder when s(-5) is divided by l(1)?
0
What is the remainder when 138 is divided by 28/(-12)*2*-6?
26
Let w(s) = -8*s + 5. Let v be w(-10). Suppose 0 = 3*m - 8*m + v. What is the remainder when 30 is divided by m?
13
Let x(d) = -d**3 + 5*d**2 + d + 7. Suppose -20 = 4*a - h + 11, -h = -3. Let l = a + 14. Calculate the remainder when x(5) is divided by l.
5
Calculate the remainder when 1 + -1 - (-1 + -22) is divided by 8.
7
Suppose u + 3*u = 64. What is the remainder when 30 is divided by u?
14
Let c(j) = j**3 - 5 + 15 - 10*j + 0*j**2 - 8*j**2. Let o be c(9). Suppose 0*i = -3*t - i - o, 13 = 5*t - 2*i. What is the remainder when t is divided by 1?
0
Suppose 0 = -3*g - 4*a + 27, 0*g = -3*g + 4*a + 3. Suppose -g*u + 5*x - 6*x = -107, 59 = 3*u - 2*x. Calculate the remainder when u is divided by 6.
3
What is the remainder when 29 is divided by 13 + 1/(1/(-2))?
7
Suppose -6*g = -2*g - 48. Suppose 0 = 4*s - 2*s - 44. Suppose -2*t = -d + 13, 4*d - 2*t - 60 = s. What is the remainder when d is divided by g?
11
Suppose 31 = -0*c + c. Suppose 2*u - 21 = c. Calculate the remainder when (1/2)/((-3)/(-300)) is divided by u.
24
Let y be ((-2)/(-4))/(3/(-528)). Let t = 24 - 40. Calculate the remainder when (-1)/2 + y/t is divided by 4.
1
Let s be -3*32/12 - -1. Let o = s + 16. What is the remainder when 24 is divided by o?
6
Let z(k) = 2*k**2 + 8*k + 7. Let s(p) = -5*p**2 + 3*p + 1. Let i be s(3). Let a = -24 - i. Calculate the remainder when z(-6) is divided by a.
9
Let o(w) = -w**3 - w**2 - 2*w + 4. Let b be o(3). Calculate the remainder when 61 is divided by -3 - -1 - (b - -4).
29
Suppose -87 - 147 = -3*f. Calculate the remainder when f is divided by 20.
18
Let p(f) = -2*f + 4*f**2 - 4 + 2*f - 3*f**2. Let d = 6 + 0. What is the remainder when p(d) is divided by 11?
10
Suppose 0 = 3*w + 12 - 66. Let f = 54 + -2. Calculate the remainder when f is divided by w.
16
Let b = 16 - 3. What is the remainder when 50 is divided by b?
11
Let v = 42 + -14. What is the remainder when 137 is divided by v?
25
Suppose 4*d = 5*t - 231 - 290, -t - 2*d = -93. Calculate the remainder when t is divided by 26.
23
Let f = 5 - 0. Suppose -2*h + 0*h = f*v - 168, -4*v + 5*h + 141 = 0. What is the remainder when v is divided by 18?
16
Let q(v) = -v**2 - 12*v + 10. Calculate the remainder when 27 is divided by q(-12).
7
What is the remainder when 14 is divided by 182/52*3/(3/2)?
0
Suppose 5*i - 87 + 407 = 0. Let y = i - -98. Let f = 22 - 10. Calculate the remainder when y is divided by f.
10
What is the remainder when 21 is divided by (-30)/(-4) - (6 - (-78)/(-12))?
5
Suppose 4*v - 28 = 2*t, -3*t + 2 = v + 9. Suppose 208 = -5*r + 53. Let b = -18 - r. What is the remainder when b is divided by v?
3
Let z(m) = 20*m + 1. Let o(k) = 20*k + 1. Let n(f) = 5*o(f) - 6*z(f). Suppose 4*y - 2*y = 10. What is the remainder when n(-1) is divided by y?
4
Let p(u) = -4*u + 3. Let k be 2/9 - (-595)/(-45). Let v = -21 - k. What is the remainder when p(v) is divided by 9?
8
Let y(u) = -10*u**2 + 12*u - 4. Let q(f) = -f**3 + f - 1. Let o(t) = -q(t) + y(t). Calculate the remainder when 57 is divided by o(9).
12
Suppose q - 101 = -3*v + 2*q, 2*q = -v + 22. Suppose -2*p + 4*z = -37 - 5, -z - 16 = -p. What is the remainder when v is divided by p?
10
Suppose -k = 2, 14 = -i - 3*i - 3*k. Let h(u) = u + 2. Let g be h(i). Suppose g = 2*a - 3*a + 18. Calculate the remainder when 53 is divided by a.
17
Let g(c) be the second derivative of 2*c - c**2 - 5/6*c**3 + 1/12*c**4 + 0. What is the remainder when g(8) is divided by 12?
10
Suppose 0 = -0*t + 2*t + 12. Let a be 124/7 - t/21. Suppose -4*q + 34 = -a. Calculate the remainder when q is divided by 8.
5
Suppose 9*q - 984 = q. What is the remainder when q is divided by 18?
15
Let w(o) = -o**2 + 2*